 8*z. Let w = z - -7. What are the prime factors of w/14 - 475/(-7)?
2, 17
Let k be (4/16*0)/(-2). Suppose -3*w + 6 = k, -z - 5*w = -17 - 0. Suppose -z*c + 6*c + 111 = 0. List the prime factors of c.
3, 37
Let d(o) be the first derivative of -o**2 + 18*o + 10. Let n be d(9). Suppose n = 6*u - 425 - 67. What are the prime factors of u?
2, 41
Let k(s) = 14*s**2 + 4*s**2 - 1233*s**3 + 26*s + 1232*s**3 + 11. List the prime factors of k(15).
2, 269
Let j = -797 - -799. Suppose -j*s - 1190 = -6*f + f, -s = 3*f - 714. What are the prime factors of f?
2, 7, 17
Suppose 139*w - 13433509 = -107*w - 71*w. List the prime factors of w.
31, 1367
Let x(g) = -12*g**3 - g**2 + 15*g + 34. Let t be x(-17). Suppose -9*i = 42*i - t. What are the prime factors of i?
2, 3, 191
Suppose 2*x + 3465 = -9585. What are the prime factors of x/15*2/(-3)?
2, 5, 29
Let k = -140 - -76. Let i = k - -72. List the prime factors of ((-1404)/48)/(-1*2/i).
3, 13
Let s = 1724 + -491. Let g = -717 + s. List the prime factors of g.
2, 3, 43
Let y = -14410 + 24079. List the prime factors of y.
3, 11, 293
Suppose -i - i = -4*g + 12, 2*g = 4*i + 12. List the prime factors of -2 + 521 - ((4 - g) + -5).
2, 3, 29
What are the prime factors of (3200/(-120))/(((-44)/2736)/11)?
2, 3, 5, 19
Let h be (-7)/14 + (-243)/(-2). Let j(d) = d**2 - 5*d + 2. Let o be j(-12). Let q = o - h. What are the prime factors of q?
5, 17
Let p(u) = -u**2 - 9*u + 4. Let n be p(-11). Let i be (-48)/(-216) - 14/n. Let c(a) = 89*a + 8. List the prime factors of c(i).
97
Let y(o) = 3*o + 21. Let c be y(-10). Let w(g) = -100*g + 40. List the prime factors of w(c).
2, 5, 47
Let u(b) = 1002*b - 6. What are the prime factors of u(3)?
2, 3, 5
Let l(j) = -3*j + 17. Let f(h) = -2*h**2 + 27*h + 14. Let v be f(14). Suppose 7*a + 21 = -v*a. List the prime factors of l(a).
2, 13
Let o = 133 + -87. Suppose o*j + 184 = 48*j. What are the prime factors of j?
2, 23
Let z = 66990 + -45212. List the prime factors of z.
2, 10889
Let j be -2*(-2)/((-16)/(-20)). Suppose -j*g - 18 = -3*h + 13, 4*g = h - 1. Suppose h = a + d, 21 - 87 = -3*a + 2*d. What are the prime factors of a?
2, 5
Let x(o) = 20*o + 326*o**2 + 312*o**2 - 577*o**2 + 4*o**3 - 1. List the prime factors of x(-13).
2, 3, 5, 7
Suppose -159 = 4*o - 39. What are the prime factors of (-22550)/o - ((-2)/(-3) - 1)?
2, 47
Let c(i) = 7*i**2 - 2*i - 5. Let s be c(4). Let o = s - -18. Let z = 173 - o. List the prime factors of z.
2, 7
What are the prime factors of 1 + (-12)/16 - 1473930/(-120)?
71, 173
Let n(i) = -804*i - 12. Let w be n(1). Let z = w - -2344. List the prime factors of z.
2, 191
Let n(j) be the first derivative of -j**4/4 - 20*j**3/3 - 12*j**2 + 35*j + 16. What are the prime factors of n(-20)?
5, 103
Suppose 4*m - 57124 = -2*d, -4*d + 35343 + 36065 = 5*m. List the prime factors of m.
2, 3, 5, 7, 17
Let j(x) = -436*x**2 - 2. Let s(c) = 1308*c**2 + c + 5. Let a(d) = 8*j(d) + 3*s(d). List the prime factors of a(-1).
2, 3
Suppose -s + 58 = 2*q, 11*q - 5*s + 50 = 13*q. Suppose -q*r - 2198 = -37*r. What are the prime factors of r?
2, 157
Let s(f) = -f**3 - 20*f**2 + 19*f - 15. Let i be s(-20). Let b = i + 9. What are the prime factors of b/3*(-15)/10?
193
Let x = 2960 + 5775. Suppose -x - 2128 = -9*n. List the prime factors of n.
17, 71
Suppose -2*f - 598 = p, 5*f - 268 + 1777 = p. Let k = f - -629. What are the prime factors of k?
2, 41
List the prime factors of ((134 + -158)*(-1)/15)/((-2)/(-43455)).
2, 3, 2897
Let m = -39074 - -59871. List the prime factors of m.
7, 2971
Let g(c) = 6*c - 28. Let q be g(4). What are the prime factors of -5 + (-690)/(q - 1)?
7, 19
Suppose -4*g + 32*t - 37*t = -156830, -g = -2*t - 39214. What are the prime factors of g?
2, 3, 5, 1307
Suppose -o = -2*p + o - 262, 2*o = 4*p + 532. Let c be (-2 + 0)*(-546)/(-12). Let n = c - p. What are the prime factors of n?
2, 11
Let v(y) = -y**3 + 14*y**2 + 9*y + 19. Let k(u) = -u**2 + 19*u + 24. Let q be k(20). Suppose 26 - 4 = w + q*i, -5*i = 3*w - 52. List the prime factors of v(w).
5, 29
Suppose 0 = n + l - 4, -4*n + 2*l + 21 = l. Let z = n - 15. List the prime factors of (4*(-9)/z)/((-2)/(-40)).
2, 3
Let t be (0 - -2) + (0 - 26). Suppose 20*y = 21*y - 217. List the prime factors of (t/(-20))/(-3) - y/(-5).
43
Let n(f) = -293*f - 1. Let m(s) = -2052*s - 9. Let x(i) = 4*m(i) - 30*n(i). What are the prime factors of x(1)?
2, 3
What are the prime factors of (-216)/(-27) - (-8197 + 3)/1?
2, 3, 1367
What are the prime factors of 1470156/45 - (232/(-60) - -4)?
2, 3, 5, 11
Suppose -1072213 = -164*l + 2242391. List the prime factors of l.
3, 6737
Let w(o) = o**2 + 1. Let p(u) = 4*u**2 + 26*u - 7. Let y(k) = -p(k) + 2*w(k). Let z(r) be the first derivative of y(r). What are the prime factors of z(-12)?
2, 11
Suppose -14*t + 34965 + 48965 = 0. List the prime factors of t.
5, 11, 109
Suppose 5*r - 2*a = 3150, -r - 3*a - 128 = -775. Let o = 1948 - r. List the prime factors of o.
2, 7, 47
Suppose 9*w + 149 + 175 = 0. List the prime factors of (-1263)/((w/(-30))/((-8)/20)).
421
Let b = 4468 + 4309. What are the prime factors of b?
67, 131
Let n(t) = 7*t**3 - 2*t - 8*t**3 + 0*t + 0 - 2 - 3*t**2. What are the prime factors of n(-4)?
2, 11
Let y(c) = 11*c + 61. Let p = -173 - -182. What are the prime factors of y(p)?
2, 5
Let b = 275 - -3105. List the prime factors of (2/4)/(10/b).
13
Let y be (-20)/(-30) - (-20)/6. Suppose -2*i + 179 = -y*o + 5181, 5*o - 6248 = 4*i. List the prime factors of o.
2, 313
Let r(x) = 31*x**2 + 2*x - 243. List the prime factors of r(18).
3, 1093
Let z = -1196 + 3786. List the prime factors of z.
2, 5, 7, 37
Let l(i) be the second derivative of -i**4/4 - 3*i**3/2 + i**2/2 - 15*i. Let m be l(-4). Let w(g) = -8*g - 32. List the prime factors of w(m).
2, 7
Suppose -4*k = 2*j - 160380, -3072*k + 3069*k = 5*j - 400943. What are the prime factors of j?
2, 20047
Suppose 25233 = 3*m + 3*a, -4*m - 32*a + 33599 = -37*a. What are the prime factors of m?
2, 3, 467
Suppose 0 = 650*v - 631*v - 133513. What are the prime factors of v?
7027
Suppose -5*m + 10*d = 5*d - 46800, -d - 18715 = -2*m. What are the prime factors of m?
5, 1871
Let y(v) = -v**2 - 46*v + 4. Let j be y(-46). Suppose 2006 = 4*q - 2*m, -882 - 1606 = -5*q - j*m. What are the prime factors of q?
2, 5
Suppose 5*z = 3*i - 670, 3*i + 640 = 2*z - 7*z. Let c = 133 + z. List the prime factors of (338/(-2))/(-3 + (c - 0)).
13
What are the prime factors of 12*(-20)/((-1120)/42) + 83984?
7, 13, 71
List the prime factors of 3/(27/120)*(-4170)/10*-1.
2, 5, 139
Let u(h) = -23*h + 112. Let j be u(10). Let p = j - -333. What are the prime factors of p?
5, 43
Suppose 2*w - 8570 = 4*d, 0 = -w + 18*d - 21*d + 4310. What are the prime factors of w?
5, 859
Suppose -22 + 24 = -2*j. What are the prime factors of -71*(j/3 - 26/3)?
3, 71
Let d = 21 - 27. Let z(p) = -6*p**2 - 13. Let m be z(d). Let l = m + 349. What are the prime factors of l?
2, 3, 5
Let t(v) = 41*v + 5. Let b be t(2). Suppose -b = -3*h - 471. Let w = h + 242. List the prime factors of w.
2, 3, 19
Let p be 2/2*4 - 1. Suppose f = -p*l + 52, -2*l + 0*l = -4*f - 30. Let q = 66 - l. List the prime factors of q.
7
Suppose 174995 - 582983 = -126*j. What are the prime factors of j?
2, 1619
Let h(o) = 7*o + 29. Let f(p) = -2*p**2 + 10*p - 5. Let u be f(5). Let y be h(u). List the prime factors of ((-21)/y + 0)*10 + -3.
2
Let j(i) = 5962*i**2 + 97*i + 5. What are the prime factors of j(-2)?
59, 401
Suppose -3*k + a + 30108 = 0, -4*a - 141 = -129. List the prime factors of k.
3, 5, 223
Suppose -1256660 = -44*h + 5*h + 19*h. What are the prime factors of h?
19, 3307
Suppose -5786*z + 38600 = 2*w - 5784*z, -w - 3*z + 19314 = 0. What are the prime factors of w?
3, 59, 109
Let a(o) = 35*o**2 - 487*o - 151. List the prime factors of a(29).
15161
Suppose -4*y + 1116 = y - 2*j, 4*y - 882 = -2*j. Suppose 5*c = 5*o - 1110, -o - 3*c - 2*c = -y. List the prime factors of o.
2, 3, 37
Suppose 2*a + 142 = 2*c, -4*c + 221 = -c - a. Let u(z) = -70*z + 150*z - c*z - 5. What are the prime factors of u(5)?
2, 5
Let o be (-2 + 1)/((-1)/11). List the prime factors of o/(0 - 1/(-30)).
2, 3, 5, 11
Let p(q) = 2*q**2 - 35*q - 15. Let t be p(18). Suppose 195 = 4*g + 2*h + 1, -5*g + 243 = t*h. Suppose 8*v - g - 168 = 0. List the pr